 divided by 89.
88
Calculate the remainder when 1488734 is divided by 148567.
3064
What is the remainder when 2574817 is divided by 2301?
2299
What is the remainder when 794733 is divided by 263844?
3201
Calculate the remainder when 549318 is divided by 2215.
2213
What is the remainder when 167150 is divided by 398?
388
Calculate the remainder when 3944193 is divided by 5403.
3
What is the remainder when 2764267 is divided by 172759?
123
Calculate the remainder when 200199650 is divided by 3925483.
17
What is the remainder when 1501331 is divided by 88313?
10
Calculate the remainder when 261796658 is divided by 49.
46
What is the remainder when 48997520 is divided by 388869?
26
Calculate the remainder when 111678809 is divided by 37226264.
17
Calculate the remainder when 2271019 is divided by 489.
103
What is the remainder when 6561805 is divided by 1152?
13
What is the remainder when 132308416 is divided by 5927?
5922
Calculate the remainder when 18452226 is divided by 76.
34
Calculate the remainder when 2289400 is divided by 2541.
2500
Calculate the remainder when 427536 is divided by 2541.
648
What is the remainder when 38636 is divided by 1059?
512
Calculate the remainder when 3620655 is divided by 300.
255
Calculate the remainder when 186389202 is divided by 465.
462
Calculate the remainder when 91090071 is divided by 569.
568
Calculate the remainder when 22355 is divided by 3093.
704
What is the remainder when 32113 is divided by 1099?
242
What is the remainder when 1081637 is divided by 609?
53
What is the remainder when 56208917 is divided by 1630?
1627
Calculate the remainder when 48614 is divided by 5917.
1278
What is the remainder when 561678424 is divided by 666?
664
What is the remainder when 107513453 is divided by 3760?
13
Calculate the remainder when 2158961 is divided by 19443.
788
Calculate the remainder when 23299767 is divided by 78.
75
Calculate the remainder when 2354892 is divided by 100.
92
Calculate the remainder when 1674333 is divided by 355.
153
What is the remainder when 177069 is divided by 176780?
289
Calculate the remainder when 149992 is divided by 187.
18
What is the remainder when 506410 is divided by 82?
60
Calculate the remainder when 3152671 is divided by 33.
16
What is the remainder when 46918266 is divided by 384?
378
Calculate the remainder when 1183388 is divided by 27512.
372
Calculate the remainder when 106571324 is divided by 1645.
1644
Calculate the remainder when 9583188 is divided by 2060.
68
What is the remainder when 6450 is divided by 2709?
1032
Calculate the remainder when 464035 is divided by 99.
22
Calculate the remainder when 316537 is divided by 3768.
25
What is the remainder when 54976 is divided by 2747?
36
Calculate the remainder when 20776317 is divided by 6925428.
33
Calculate the remainder when 227542 is divided by 494.
302
Calculate the remainder when 387856 is divided by 2730.
196
What is the remainder when 2462476 is divided by 820762?
190
Calculate the remainder when 1347743 is divided by 417.
416
What is the remainder when 7178463 is divided by 43771?
19
Calculate the remainder when 3192406 is divided by 1601.
12
Calculate the remainder when 22934459 is divided by 4342.
15
Calculate the remainder when 5836635 is divided by 301.
245
Calculate the remainder when 640258 is divided by 1091.
932
Calculate the remainder when 60395 is divided by 2892.
2555
Calculate the remainder when 237740 is divided by 470.
390
What is the remainder when 581102 is divided by 581101?
1
What is the remainder when 21773688 is divided by 255?
3
Calculate the remainder when 933247170 is divided by 22.
20
Calculate the remainder when 749870 is divided by 1332.
1286
Calculate the remainder when 483367 is divided by 60.
7
What is the remainder when 203430933 is divided by 199?
198
Calculate the remainder when 145521185 is divided by 49497.
5
What is the remainder when 41473 is divided by 3181?
120
What is the remainder when 1397517 is divided by 72?
69
Calculate the remainder when 4696706 is divided by 12105.
12071
What is the remainder when 476641 is divided by 481?
451
What is the remainder when 17907 is divided by 158?
53
Calculate the remainder when 43213 is divided by 10768.
141
Calculate the remainder when 4495470 is divided by 24.
6
What is the remainder when 4032911 is divided by 318?
35
What is the remainder when 31059342 is divided by 447?
441
Calculate the remainder when 389744 is divided by 4146.
20
Calculate the remainder when 68968 is divided by 22575.
1243
What is the remainder when 1912678 is divided by 119538?
70
What is the remainder when 242956 is divided by 17351?
42
What is the remainder when 1206966 is divided by 1651?
85
What is the remainder when 195871 is divided by 68?
31
Calculate the remainder when 137431 is divided by 240.
151
What is the remainder when 1104899 is divided by 1541?
2
Calculate the remainder when 1127250 is divided by 507.
189
What is the remainder when 382904 is divided by 428?
272
What is the remainder when 220342 is divided by 190?
132
What is the remainder when 68908118 is divided by 4306757?
6
What is the remainder when 15221113 is divided by 1323?
1321
Calculate the remainder when 93632 is divided by 3877.
584
Calculate the remainder when 1581234 is divided by 1102.
966
What is the remainder when 3785335 is divided by 1892634?
67
Calculate the remainder when 11543 is divided by 3837.
32
Calculate the remainder when 36385 is divided by 5766.
1789
Calculate the remainder when 234101 is divided by 233853.
248
What is the remainder when 346404 is divided by 114604?
2592
Calculate the remainder when 1884806 is divided by 17.
16
What is the remainder when 13128063 is divided by 327?
321
Calculate the remainder when 71600 is divided by 8838.
896
Calculate the remainder when 12967 is divided by 3740.
1747
Calculate the remainder when 10803864 is divided by 220487.
1
What is the remainder when 10928009 is divided by 2185596?
29
Calculate the remainder when 1447645 is divided by 4099.
698
What is the remainder when 32979740 is divided by 532?
528
What is the remainder when 176896 is divided by 420?
76
Calculate the remainder when 1633557 is divided by 1632667.
890
Calculate the remainder when 8351386 is divided by 1582.
8
Calculate the remainder when 4012318 is divided by 65.
63
What is the remainder when 1790334 is divided by 634?
552
What is the remainder when 8430813 is divided by 648522?
27
Calculate the remainder when 749514 is divided by 11889.
507
What is the remainder when 61995 is divided by 523?
281
What is the remainder when 14941008 is divided by 969?
966
What is the remainder when 853805 is divided by 94811?
506
Calculate the remainder when 635865 is divided by 155.
55
Calculate the remainder when 26815 is divided by 173.
0
Calculate the remainder when 43232639 is divided by 40.
39
Calculate the remainder when 1976888 is divided by 11170.
10968
Calculate the remainder when 41710 is divided by 8269.
365
Calculate the remainder when 20329057 is divided by 14266.
7
Calculate the remainder when 124894 is divided by 3284.
102
Calculate the remainder when 1774615 is divided by 571.
518
What is the remainder when 41667 is divided by 2959?
241
Calculate the remainder when 2699820 is divided by 1349899.
22
Calculate the remainder when 109868184 is divided by 562.
556
Calculate the remainder when 737101 is divided by 5421.
5266
Calculate the remainder when 580131 is divided by 290061.
9
Calculate the remainder when 519044 is divided by 645.
464
What is the remainder when 43587993 is divided by 555?
513
What is the remainder when 175758364 is divided by 571?
567
What is the remainder when 108165650 is divided by 627?
626
Calculate the remainder when 22711068 is divided by 8959.
3
What is the remainder when 5427088 is divided by 136?
8
What is the remainder when 282216 is divided by 1586?
1494
Calculate the remainder when 99442 is divided by 49641.
160
What is the remainder when 477185 is divided by 1482?
1463
Calculate the remainder when 1467289 is divided by 17.
2
Calculate the remainder when 38980 is divided by 2153.
226
What is the remainder when 612508 is divided by 196?
8
Calculate the remainder when 581377 is divided by 290525.
327
What is the remainder 